the greatest common divisor of f and 544.
32
Let h = 37 - 31. Let f(j) = -2 + 0*j + 2*j**2 - 7*j + 6*j. Let t be f(2). Calculate the greatest common divisor of t and h.
2
Let k = 0 - 0. Suppose k = -4*c + 2*v + 64, 4*v + 20 = c + c. Let h = 402 + -258. What is the highest common factor of h and c?
18
Suppose -49*r - 67545 + 267732 = 10*r. Calculate the greatest common divisor of 585 and r.
117
Let q(t) = 58*t + 178. Let p be q(-15). Let v = p - -700. Suppose -2*u + 5*u - 72 = 0. What is the greatest common factor of u and v?
8
Let a be 124/9 - ((-22)/18 - -1). Suppose 4 - a = -5*h. Suppose h*m + 19 = -5*q, 0 = 5*m - q - q - 25. Calculate the highest common divisor of 12 and m.
3
Let u(d) = -d**2 - 18*d + 943. Let t be u(19). What is the greatest common factor of 112 and t?
16
Let s = 10007 - 9543. What is the greatest common divisor of s and 160?
16
Let q(u) = -4*u - 10. Let o be q(15). Let k = 75 + o. Suppose 3*i + 4*g + 209 = 6*i, k*g = -i + 38. What is the greatest common divisor of i and 7?
7
Let c = -23 + 26. Suppose 13*g - c*g = 280. Let k be (g/(-4))/(1/(-22)). Calculate the highest common factor of 22 and k.
22
Suppose -5*i = 5*u + 802 - 2912, 3*u = -4*i + 1261. Let o = 643 - u. What is the greatest common factor of 54 and o?
54
Let i be (-185)/148 - 29/(-4). Suppose -3*b + 5 = -7. Suppose 5*g + 6*u = u + 35, g - b*u = 32. Calculate the highest common factor of i and g.
6
Let n be 4/(-22) + 552/132. Suppose -q - 67 = -5*w, 2*w + n*q = q + 20. Let y(v) = -v + 13. Let j be y(12). Calculate the greatest common divisor of j and w.
1
Let x be (8280/(-480))/(6/(-40)). Calculate the greatest common factor of x and 161.
23
Let g be (424/(-530))/(4/(-1230)). What is the greatest common divisor of g and 697?
41
Suppose -480 - 1536 = -20*x + 5004. What is the highest common divisor of x and 2727?
27
Let f be 3/(-2)*(3 + -5) + 15. Suppose 0 = 11*g - f*g + 21. Calculate the highest common factor of 21 and g.
3
Suppose 2*d - 3*p = -d + 117, p = -3*d + 129. Let w be (0 - 24)*56/d. Let n = 38 + w. What is the highest common factor of n and 18?
6
Let f(y) = -2*y**3 - y**2 - y - 2. Let z be f(-4). Let w be (1878 - (-1 + 11))/(-2). Let u = w - -940. What is the greatest common factor of z and u?
6
Let s be (1260/75)/12*5. Calculate the highest common divisor of s and 6629.
7
Let a be 25/(-1) + -588 + 626. Let q(l) = l**2 - 3*l + 3. Let s be q(3). Calculate the greatest common factor of a and s.
1
Suppose -3*s + 4*w + 295 = 0, 2*s - 282 = 5*w - 97. Suppose x + s = 127. What is the greatest common factor of 165 and x?
11
Let a(s) = -s**3 - s**2 + 3*s - 10. Let k be a(-3). Let v be k - 13/(-15) - (-15436)/1020. Let h = 45 - 0. What is the greatest common divisor of v and h?
15
Let x(c) = 5478*c - 54736. Let q be x(10). Let a be (-1)/(0 + 1) + 661. What is the highest common divisor of q and a?
44
Suppose -p + 55 = 3*c, 34 = -p + 5*c + 89. Let o = 19 + -14. What is the highest common divisor of o and p?
5
Suppose 59*m - 55*m = -3*c + 62, -29 = -c - 3*m. Calculate the greatest common divisor of c and 29.
1
Let a(x) = 122*x + 208. Let h be a(0). What is the highest common factor of h and 3679?
13
Let l(y) be the third derivative of y**5/10 - 13*y**4/24 + 13*y**3/2 - 71*y**2 - 2. Let h be l(4). What is the greatest common divisor of h and 83?
83
Let m be 5 - 2 - 4 - (-44 + 1). Let p be 4405/30 - (-7)/m. Calculate the highest common divisor of p and 49.
49
Let j(a) = -37*a + 2398. Let r be j(64). Calculate the greatest common divisor of r and 36210.
30
Let b be -3*(-3 - (1 + -5)). Let j be 3 + (-18 - b)*18/(-10). Calculate the highest common factor of 90 and j.
30
Suppose -21*v = 4*l - 23*v - 2684, -5*l = 3*v - 3355. Let k = l + -541. What is the highest common divisor of 10 and k?
10
Let s be 70*-16*(-7)/280. Calculate the highest common factor of s and 161.
7
Let k = 263 + -267. Let w be (k*(-5)/(-10) - -4) + 240. Calculate the highest common factor of w and 22.
22
Suppose 0 = 10*j - 1 - 29. Suppose 0*b + 63 = j*b. What is the highest common divisor of b and 35?
7
Let o(b) = -78*b - 21. Let y be o(-5). Let f = y + -216. What is the highest common divisor of f and 9?
9
Let y = 99 + -99. Let p = y - -55. Let t(h) = h**3 + 12*h**2 + 11. Let l be t(-12). Calculate the greatest common divisor of p and l.
11
Suppose -69*z + 5525 = -64*z. Calculate the highest common factor of z and 85.
85
Let n be (-9 - (-332)/36) + (1182/(-27))/(-1). Calculate the highest common divisor of 1507 and n.
11
Let y = 53 - 53. Suppose 6*f - 1591 + 55 = y. What is the greatest common divisor of f and 8?
8
Let a(w) = 8*w - 261. Let c be a(45). Calculate the greatest common factor of 11 and c.
11
Suppose 5*o = 11*o - 1986. Let r = o - 155. What is the highest common factor of 16 and r?
16
Suppose -2*o - 6*n + 10*n - 16 = 0, -3*o = 4*n + 4. Let k be (-5 - (-88)/56)*70/o. What is the highest common divisor of k and 36?
12
Let s be (-9 + (-15)/3)*((-212)/8 - -1). Calculate the highest common factor of 12376 and s.
119
Suppose 2212 = 26*f + 1224. What is the greatest common divisor of f and 168?
2
Let x(g) = g**3 - 6*g**2 + 9*g - 20. Let j be x(5). Suppose j = -8*w + 900 - 20. Let n be (-4)/6 - (-32)/3. Calculate the greatest common divisor of n and w.
10
Suppose 117*k = 52*k + 49*k + 35424. What is the highest common divisor of k and 164?
82
Suppose -x + 72 = 3*c, -3*c - 2*x - 81 = -6*c. Suppose 11*s + c - 135 = 0. Let w be (-517)/(-55) - (-6)/s. Calculate the greatest common divisor of 70 and w.
10
Let p be (-4)/26 + (-2006)/(-26). Let f = -380 + 379. Let u(j) = j + 8. Let w be u(f). What is the greatest common divisor of w and p?
7
Suppose 0 = -103*j + 107*j + 24. Let r be -9*(-2 - j/(-9)). Let d = 37 + -25. Calculate the highest common divisor of d and r.
12
Let g = 0 - -22. Let c be (-583982)/(-1062) - ((-1)/(-3))/(-3*1). What is the highest common divisor of c and g?
22
Suppose 57*f + 270 = 49*f + 26*f. Calculate the highest common factor of f and 4215.
15
Let i(h) = 1. Let m(q) = 2*q + 14. Let b(a) = -24*i(a) + 3*m(a). Suppose -62*u = -836 + 340. Let r be b(u). What is the greatest common divisor of 6 and r?
6
Let q be 1 + (-1)/(-1)*(97 - -10). Suppose q = -108*y + 111*y. Calculate the greatest common factor of y and 36.
36
Suppose -4*r + 14*r = 3*r + 420. What is the greatest common factor of 48 and r?
12
Let s(q) = -q**3 + 9*q**2 + 51*q + 9. Let v be s(-5). Let j = 115 - -2. Calculate the highest common divisor of j and v.
13
Let w be (-65)/(-1) - -14*(-16)/56. Suppose 68*y - w*y = 112. What is the greatest common divisor of y and 688?
16
Let t = -1494 + 1742. Calculate the greatest common divisor of t and 32.
8
Let c(k) = 19*k + 63. Let f(s) = 57*s + 190. Let w(r) = 8*c(r) - 3*f(r). Let a be w(-6). What is the greatest common factor of 1296 and a?
48
Suppose 3*l - l - 58 = 0. Suppose -15*r - 105 = 30. Let c = r + l. What is the highest common divisor of c and 4?
4
Let f be (((-4563)/(-26))/(-13))/(28/(-8) + 3). Let l = -84 + 300. What is the highest common divisor of f and l?
27
Suppose -428 = 8*c - 364. Let o be -10*(c - 84/(-35)). Calculate the highest common divisor of 364 and o.
28
Let y be (-1 + (-26)/4)*(-20)/15. Suppose c + y = 11*c. What is the greatest common factor of c and 9?
1
Let k be (6/8)/(2/(-24)). Let t be k/2*(-80)/(-60). Let q be (-1*(-2)/t)/((-19)/570). Calculate the greatest common factor of 2 and q.
2
Let h(m) = 29*m + 180. Let u be h(-13). Let j = 211 + u. What is the highest common divisor of j and 49?
7
Let c = -27 + 28. Let m be (0 - (-2 - -5))*(-20 - c). Calculate the highest common factor of 9 and m.
9
Suppose 0 = -41*h + 1153 - 242 + 1467. Let j = -187 - -390. Calculate the highest common factor of h and j.
29
Suppose -q + 23 = -12. Let v = -28404 + 28414. What is the greatest common divisor of q and v?
5
Let m(k) = -k**2 - 4*k - 1. Let f be m(-2). Let h = 616 - 181. Suppose 237 = -6*i + h. Calculate the greatest common factor of i and f.
3
Let b(p) = -p**2 + 16*p + 1. Let m be b(16). Let i be (-600)/(-10)*(12/9)/m. Calculate the greatest common factor of i and 20.
20
Suppose -55 = -10*t + 5*t. Suppose c + 4 = -t. Let b = -11 - c. What is the greatest common factor of b and 1?
1
Let g(t) = -t**2 + 18*t + 68. Let b be g(21). Suppose -b*l + 1157 = -n, 0